(s) = 13*s**3 - 27*s**2 + 16*s + 27. Let z(j) = -5*i(j) + 16*m(j). Calculate z(-16).
1
Let n = -293 + 293. Let o(d) = -2*d - 5. Calculate o(n).
-5
Let y(r) = -7*r**3 + 15*r**2 + 71*r - 11. Let c(m) = -4*m**3 + 8*m**2 + 41*m - 5. Let d(s) = 5*c(s) - 3*y(s). Calculate d(3).
-34
Let o(c) = -c + 0 - 2 - 3. Let u(z) = -z - 5. Let p(q) = -4*o(q) + 3*u(q). Let g be ((-335)/55 - 1) + 2/22. What is p(g)?
-2
Let n(w) = 0*w**3 - w**3 - 7*w**2 + 8 - 2. Suppose 0 = -4*i - 2*j + 21 + 35, 5*i + 3*j - 72 = 0. Suppose -i - 10 = 2*y - 2*o, -2*y - 6 = 2*o. Give n(y).
6
Let v(u) = -2*u + 68. Let t(i) = -24*i**2 + 126*i - 134. Let b be t(4). What is v(b)?
96
Suppose 79 = 9*c - 65. Suppose 3*m = 3*q - 4*q + c, m = q. Suppose 0 = 7*a - m*a. Let x(g) = -g**2 - g - 14. Determine x(a).
-14
Let z be (3/5)/(2/10). Suppose -z*j + 3*y + 6 = -0*j, 2*j = -2*y - 4. Let b(p) be the first derivative of p**2/2 - 4*p + 560. Determine b(j).
-4
Let f(s) = -2*s + 1. Let u(h) = 5*h - 10. Let n be u(8). Suppose 6*o - 163 + 1 = 0. Suppose o = -5*m - 4*d, -5*m - n = 3*d + 2*d. Calculate f(m).
7
Let v(m) = 4*m**3 - 23*m**2 - 7*m + 2. Suppose -u + 5*h = u + 35, -5*h = 4*u + 55. Let l be (5 - 0)/(u/(-18)). Calculate v(l).
-4
Let q(j) = j - 1. Let b = 460 + -455. Suppose 0 = -3*p + 7*l - 4*l + 24, b*l + 32 = 3*p. Determine q(p).
3
Let p(w) = -2*w - 2 + 2 - 4*w + 1 + 5*w. Let k be (0 - 7)*(1 - 0). Let l(y) = y**2 + 7*y + 4. Let a be l(k). Calculate p(a).
-3
Let i(g) be the third derivative of g**6/120 + 7*g**5/60 + g**4/3 + 7*g**3/6 - g**2 + 393*g. Let u = 7 - 7. Suppose 15 = -3*r - u*r. What is i(r)?
17
Let s = 109 + -109. Suppose 2*t + 8 + 0 = s, -3*y + 5*t + 20 = 0. Let n(w) = 9 - w**2 - 2*w**3 + 5 - 2 + w**3. Calculate n(y).
12
Let x(b) = -b**2 - 26*b + 153. Let g = -2395 + 2364. Calculate x(g).
-2
Let f(n) be the first derivative of 5*n**2 + n - 4361. Let k(u) = -u**3 + 4*u + 5. Let l be k(-2). Give f(l).
51
Let i(r) = 14 + 78*r - 112*r + 30*r. Give i(2).
6
Let l(z) = 7*z**3 - 2*z**2 + 2*z + 9. Let u(c) = c**3 + c**2 + 2. Let m(w) = l(w) - 6*u(w). Calculate m(5).
-68
Let h(f) = 7 - f + 2*f + 12*f**2 - 10 + 9*f**3 + 0*f**3. Let o(c) = -7*c**3 - 11*c**2 + 3. Let t(b) = 3*h(b) + 4*o(b). Calculate t(-8).
-21
Let a(v) = -32561*v + 2*v**2 + 17 - 50 + 16303*v + 16286*v. Determine a(-15).
-3
Let a(q) be the third derivative of -q**6/120 + 23*q**5/60 - 5*q**4/6 - 35*q**3/6 + 2*q**2 + 1272*q + 1. Give a(22).
9
Let q(r) = r**2 - 11*r - 7. Suppose 11*s - 20 = 9*s. Let f be (-70)/s*44/(-28). What is q(f)?
-7
Let c = -562 - -909. Suppose 355 - c = -a. Let u(b) = b**3 + 9*b**2 + 8*b - 7. What is u(a)?
-7
Let u(y) be the third derivative of -y**8/20160 - y**7/840 - 7*y**6/720 + 2*y**5/3 - 82*y**2. Let m(v) be the third derivative of u(v). Determine m(-5).
-2
Let f(w) be the third derivative of w**4/2 + 28*w**3/3 + 256*w**2. Determine f(-6).
-16
Let n(f) = -9*f - 99. Suppose -2*v = 3*m + 10, 3*v - 29*m + 23*m = -57. Give n(v).
0
Let w(m) = -m**2 - 8*m + 5. Let o(v) = -2*v**2 - 28*v + 863. Let p be o(-29). What is w(p)?
12
Let o(f) = -12*f**2 + f. Let h(k) = -k**2 - k + 3. Let g be h(3). Let n(p) = 13*p + 116. Let b be n(g). What is o(b)?
-13
Let q(g) = 166*g**2 - 317*g**2 + g + g**3 - 2 + 155*g**2. Let w(p) = -p**3 + 4*p**2 + p + 2. Let c be w(4). Let a be (-3 - (-10)/c)*3. What is q(a)?
-6
Let w(b) = 5*b. Let u(y) = -3*y. Let r(k) = 8*u(k) + 5*w(k). Let q(n) = -n + 1. Let i(d) = 6*d - 115. Let x be i(19). Let j(t) = x*r(t) + q(t). Determine j(1).
-1
Let w(t) = 11*t - 2. Let h(n) = -16*n + 2. Let c(q) = 5*h(q) + 8*w(q). Determine c(3).
18
Let h(g) = -3*g**2 - 9*g + 7. Let d(p) = 7*p**2 + 18*p - 14. Let q(a) = -4*d(a) - 9*h(a). Let u be q(8). Let b(x) = -3*x**2 - x + 1. Determine b(u).
-3
Let n be 7/(-2)*(-102)/119. Suppose 4*b - 3*c = -37, n*b - 4*c = -7*c - 12. Let j(r) = -r**2 - 8*r - 4. Give j(b).
3
Suppose -617*x + 42 = -610*x. Suppose 0*f - x*f = -4*f. Let i(g) = g**3 - g**2 + 6. Determine i(f).
6
Let a = -682184 + 682195. Let i(p) = -11*p**2 - 41*p + 11. Let w(y) = -5*y**2 - 20*y + 5. Let g(l) = 6*i(l) - 13*w(l). What is g(a)?
34
Let u(q) = -23*q + 23. Let t(k) = 8*k. Let y(p) = 2*t(p) + u(p). Determine y(4).
-5
Let u(l) = -16*l - 1. Let t(p) = 38*p + 8. Let b(c) = 37*c + 7. Let d(x) = 6*b(x) - 5*t(x). Let s(j) = 4*d(j) + 7*u(j). Suppose -7*m - 6 = -m. What is s(m)?
-15
Let g(q) be the second derivative of q**5/20 + q**4/6 + q**3/3 + 10*q. Let f(t) = t**3 - 2*t**2 - 15*t - 2. Let i be f(5). Determine g(i).
-4
Let f(m) = m**2 - 3*m. Let b = -21 + 23. Suppose -o + 5*v + 28 = 2*v, 0 = -b*v - 10. Let w be o - 14 - (-5 + 0). What is f(w)?
4
Let l(i) = -i**2 - 4*i - 15. Let t(n) = 3*n**2 + 10*n + 43. Suppose z - 5*s = -17, 2*z - 9 = 5*s - 43. Let j(x) = z*l(x) - 6*t(x). Calculate j(5).
12
Suppose 0 = 5*c + 3*d - 16, 3*d + 0 = -2*c + 10. Suppose -47 = 2*a + 5*o, 5*a + c*o + 175 = o. Let l be a/(-4)*1/3. Let r(g) = 2*g - 2. Give r(l).
4
Let c(s) = 86238*s + 1 - s**3 + 3*s**2 - 5*s**2 - 7*s**2 - 86250*s. Calculate c(-6).
-35
Let u(w) = -9 + 3*w + 22 - w**2 - 12. Suppose -201*z = -224*z + 69. Give u(z).
1
Suppose -k = -4*y - 19, 2*k - 7*k + 2*y + 41 = 0. Let l(j) = -8*j**2 - 6*j - 6 - j**3 + k*j - 3*j + j. Suppose -44 = 5*r - g, -r - 4*g = -5*r - 48. Give l(r).
2
Let l(f) = -28*f - f**3 - 21*f - 27*f + 77*f + 14*f**2 - 21*f. What is l(12)?
48
Let g(y) = -6*y - 3. Suppose 176 = -2*x + 6*x - 4*n, -4*n - 82 = -2*x. Let w = 97 + -146. Let l = x + w. Give g(l).
9
Let j(x) be the first derivative of -151*x**2/2 + 299*x + 7874. Determine j(2).
-3
Let b be ((-26)/169)/(2/(-78)). Let s(x) = -6*x + 6. Determine s(b).
-30
Let s(v) = -67*v**2 + v + v**3 + 67*v**2 + 4. Let w be s(0). Let b(p) be the second derivative of p**3/6 + p**2 - 14*p. Give b(w).
6
Let u(p) = 5*p**3 + 16*p**2 - 9*p - 14. Let s(c) = -14*c**3 - 46*c**2 + 25*c + 41. Let o(a) = -6*s(a) - 17*u(a). Calculate o(4).
4
Let r = 3 + -15. Let d be (r/(-16))/(3/8). Let z(t) = -1 - 2 - 3*t - 2*t**d + 2*t**2 - 2*t**2. What is z(-2)?
-5
Let x(q) = -15*q - 96. Suppose 8*b - 98 + 138 = 0. Determine x(b).
-21
Let u(k) be the second derivative of k**4/12 - 14*k**3/3 + 22*k**2 - 62*k. Determine u(26).
-8
Let h(d) = -d**3 + d**2 + d + 11. Let k(r) = r**2 - 4*r + 3. Let g = -23 - -26. Let b be (-3*g)/(-3 + 0). Let o be k(b). Determine h(o).
11
Suppose 0 = 170*p - 173*p + 36. Suppose 0 = -5*u - o + 27, 13*u - 15 = p*u - 5*o. Let d(r) = -r - 1. Calculate d(u).
-6
Let l(t) be the first derivative of -5*t**4/12 - t**3/3 + 15*t**2/2 - 8*t + 243. Let m(w) be the second derivative of l(w). Give m(-1).
8
Let c(y) = -1 + 7 - 30 - 45 - 3 - y**2 - 36*y. Calculate c(-34).
-4
Let l(b) = b**2 + 7*b + 9. Let a(f) = -4*f**2 + 4*f - 4. Let c(n) = 5*n**2 - 5*n + 5. Let g(q) = -4*a(q) - 3*c(q). Let t(w) = -2*g(w) + l(w). What is t(9)?
7
Suppose 0 = -4*c - 50*c - 378. Let u(a) = 9*a + 57. Calculate u(c).
-6
Let z(r) = -r**3 - 4*r**2 - r - 1. Let f be 162/((-9)/(45/(-10))). Let c = f - 51. Let k be 22/77 + c/(-7). What is z(k)?
3
Let x(o) = -11*o + 49. Suppose 0 = 559*v - 576*v + 136. What is x(v)?
-39
Let a(p) be the second derivative of -p**5/60 - 5*p**4/12 + 4*p**3/3 + 101*p**2/2 - 103*p. Let o(f) be the first derivative of a(f). What is o(-11)?
-3
Let i be ((-6)/8)/(1/(-4)). Suppose i*n - 5 = -17. Let w(b) = -6*b + 4. Let u(t) = -t + 1. Let s(f) = 3*u(f) - w(f). Calculate s(n).
-13
Let m(p) = -16*p - 94. Let n be m(-6). Let i(j) be the third derivative of -j**4/24 + j**3/2 - 596*j**2. Give i(n).
1
Let g(t) = -16*t**2 + 467*t + 11. Let x(c) = -6*c**2 + 165*c + 4. Let v(b) = 6*g(b) - 17*x(b). Calculate v(-1).
7
Suppose 4*i = -5*s - 112, -6*s - 130 = -s - 5*i. Let a = s - -47. Let x = a - 27. Let k(l) = -4*l - 6. Calculate k(x).
10
Let m(v) = v**2 + 31*v + 192. Suppose 2755*z - 2803*z = 1104. What is m(z)?
8
Let a be -6 + 5 + 2 + 2. Let g(w) = 12 - a*w - 15 - 7*w + 6*w. Suppose 3*u + 2 = 2*u. Determine g(u).
5
Let v(l) be the first derivative of -l**4/4 - 7*l**3/3 - l**2/2 + 5*l - 2981. Calculate v(-6).
-25
Let k(j) = 20*j**3. Let m(u) = u**3 - 2*u**2 - u + 6. Let z be m(2). Let w = z + 3. Let r(f) = f**3 - 6*f**2 - 9*f + 13. Let a be r(w). Give k(a).
-20
Let s = 483 - 484. Let f be (-1)/(-3)*(12 - (4 + s)). Let x(d) = -d - 3. Determine x(f).
-6
Let u(j) = -2*j**2 + 4*j - 3. Let l be 